 is the remainder when 54 is divided by 15?
9
What is the remainder when 268 is divided by 93?
82
Calculate the remainder when 1120 is divided by 17.
15
Calculate the remainder when 485 is divided by 6.
5
What is the remainder when 5428 is divided by 13?
7
What is the remainder when 113 is divided by 51?
11
What is the remainder when 793 is divided by 15?
13
What is the remainder when 2509 is divided by 157?
154
Calculate the remainder when 1344 is divided by 26.
18
Calculate the remainder when 2898 is divided by 38.
10
Calculate the remainder when 70 is divided by 18.
16
What is the remainder when 193 is divided by 29?
19
Calculate the remainder when 222 is divided by 15.
12
Calculate the remainder when 2973 is divided by 92.
29
Calculate the remainder when 532 is divided by 13.
12
Calculate the remainder when 4511 is divided by 156.
143
What is the remainder when 1967 is divided by 123?
122
Calculate the remainder when 107 is divided by 20.
7
Calculate the remainder when 76 is divided by 19.
0
What is the remainder when 1911 is divided by 136?
7
Calculate the remainder when 960 is divided by 31.
30
What is the remainder when 475 is divided by 35?
20
Calculate the remainder when 42 is divided by 6.
0
What is the remainder when 1262 is divided by 23?
20
Calculate the remainder when 724 is divided by 32.
20
Calculate the remainder when 626 is divided by 19.
18
Calculate the remainder when 1240 is divided by 101.
28
What is the remainder when 150 is divided by 31?
26
Calculate the remainder when 319 is divided by 167.
152
Calculate the remainder when 454 is divided by 255.
199
Calculate the remainder when 1553 is divided by 110.
13
What is the remainder when 676 is divided by 28?
4
Calculate the remainder when 75 is divided by 12.
3
Calculate the remainder when 1004 is divided by 43.
15
What is the remainder when 25345 is divided by 30?
25
What is the remainder when 3041 is divided by 277?
271
Calculate the remainder when 173 is divided by 66.
41
What is the remainder when 95 is divided by 8?
7
Calculate the remainder when 71 is divided by 15.
11
What is the remainder when 1241 is divided by 54?
53
Calculate the remainder when 612 is divided by 90.
72
What is the remainder when 6042 is divided by 93?
90
Calculate the remainder when 6018 is divided by 223.
220
What is the remainder when 482 is divided by 149?
35
What is the remainder when 148 is divided by 25?
23
What is the remainder when 7149 is divided by 14?
9
What is the remainder when 8049 is divided by 183?
180
What is the remainder when 48 is divided by 9?
3
What is the remainder when 193 is divided by 15?
13
Calculate the remainder when 282 is divided by 16.
10
Calculate the remainder when 3141 is divided by 11.
6
Calculate the remainder when 110 is divided by 102.
8
What is the remainder when 695 is divided by 78?
71
Calculate the remainder when 102 is divided by 53.
49
Calculate the remainder when 521 is divided by 25.
21
What is the remainder when 73 is divided by 7?
3
What is the remainder when 639 is divided by 80?
79
What is the remainder when 3499 is divided by 389?
387
Calculate the remainder when 178 is divided by 6.
4
What is the remainder when 418 is divided by 35?
33
What is the remainder when 945 is divided by 66?
21
Calculate the remainder when 14138 is divided by 179.
176
Calculate the remainder when 1513 is divided by 739.
35
Calculate the remainder when 1021 is divided by 16.
13
What is the remainder when 1495 is divided by 188?
179
Calculate the remainder when 2608 is divided by 62.
4
What is the remainder when 39 is divided by 1?
0
Calculate the remainder when 311 is divided by 82.
65
Calculate the remainder when 285 is divided by 12.
9
What is the remainder when 687 is divided by 46?
43
What is the remainder when 4071 is divided by 1014?
15
Calculate the remainder when 2845 is divided by 120.
85
What is the remainder when 1179 is divided by 295?
294
Calculate the remainder when 161 is divided by 82.
79
What is the remainder when 2341 is divided by 41?
4
Calculate the remainder when 928 is divided by 222.
40
Calculate the remainder when 27855 is divided by 16.
15
What is the remainder when 1453 is divided by 251?
198
Calculate the remainder when 846 is divided by 25.
21
Calculate the remainder when 197 is divided by 9.
8
Calculate the remainder when 283 is divided by 97.
89
What is the remainder when 1067 is divided by 51?
47
What is the remainder when 1481 is divided by 55?
51
What is the remainder when 932 is divided by 121?
85
What is the remainder when 34 is divided by 9?
7
Calculate the remainder when 575 is divided by 48.
47
Calculate the remainder when 10187 is divided by 2545.
7
Calculate the remainder when 330 is divided by 64.
10
Calculate the remainder when 109 is divided by 14.
11
What is the remainder when 203 is divided by 27?
14
What is the remainder when 778 is divided by 30?
28
What is the remainder when 1061 is divided by 38?
35
What is the remainder when 722 is divided by 91?
85
What is the remainder when 111 is divided by 6?
3
Calculate the remainder when 437 is divided by 137.
26
What is the remainder when 4529 is divided by 23?
21
Calculate the remainder when 3840 is divided by 167.
166
Calculate the remainder when 54 is divided by 10.
4
Calculate the remainder when 988 is divided by 34.
2
Calculate the remainder when 581 is divided by 2.
1
Calculate the remainder when 39 is divided by 11.
6
What is the remainder when 508 is divided by 69?
25
What is the remainder when 28 is divided by 9?
1
Calculate the remainder when 100 is divided by 51.
49
Calculate the remainder when 556 is divided by 279.
277
Calculate the remainder when 585 is divided by 136.
41
What is the remainder when 174 is divided by 30?
24
What is the remainder when 374 is divided by 35?
24
What is the remainder when 264 is divided by 19?
17
Calculate the remainder when 3315 is divided by 107.
105
What is the remainder when 233 is divided by 22?
13
What is the remainder when 5 is divided by 2?
1
What is the remainder when 11283 is divided by 26?
25
Calculate the remainder when 39 is divided by 21.
18
What is the remainder when 615 is divided by 78?
69
What is the remainder when 8208 is divided by 119?
116
Calculate the remainder when 847 is divided by 85.
82
Calculate the remainder when 24703 is divided by 61.
59
What is the remainder when 157 is divided by 9?
4
What is the remainder when 454 is divided by 11?
3
Calculate the remainder when 378 is divided by 5.
3
What is the remainder when 4408 is divided by 30?
28
What is the remainder when 4329 is divided by 41?
24
What is the remainder when 793 is divided by 385?
23
What is the remainder when 333 is divided by 35?
18
Calculate the remainder when 109 is divided by 62.
47
Calculate the remainder when 1648 is divided by 33.
31
What is the remainder when 385 is divided by 49?
42
What is the remainder when 808 is divided by 45?
43
Calculate the remainder when 4454 is divided by 12.
2
Calculate the remainder when 753 is divided by 40.
33
What is the remainder when 192 is divided by 20?
12
Calculate the remainder when 425 is divided by 137.
14
Calculate the remainder when 614 is divided by 77.
75
What is the remainder when 12712 is divided by 39?
37
Calculate the remainder when 401 is divided by 130.
11
What is the remainder when 366 is divided by 18?
6
Calculate the remainder when 274 is divided by 40.
34
Calculate the remainder when 4838 is divided by 88.
86
What is the remainder when 541 is divided by 4?
1
Calculate the remainder when 2351 is divided by 118.
109
What is the remainder when 47 is divided by 16?
15
What is the remainder when 6759 is divided by 20?
19
Calculate the remainder when 470 is divided by 149.
23
Calculate the remainder when 1687 is divided by 14.
7
What is the remainder when 187 is divided by 5?
2
What is the remainder when 610 is divided by 34?
32
What is the remainder when 243 is divided by 50?
43
What is the remainder when 56 is divided by 15?
11
What is the remainder when 210 is divided by 59?
33
Calculate the remainder when 188 is divided by 155.
33
What is the remainder when 190 is divided by 71?
48
What is the remainder when 194 is divided by 52?
38
What is the remainder when 519 is divided by 217?
8